{"id":10252,"date":"2025-08-05T01:37:02","date_gmt":"2025-08-04T22:37:02","guid":{"rendered":"https:\/\/prusaweb.net\/?post_type=product&#038;p=10252"},"modified":"2025-08-31T17:02:24","modified_gmt":"2025-08-31T14:02:24","slug":"rent-a-car-e-ticaret-paketi","status":"publish","type":"product","link":"https:\/\/prusaweb.net\/index.php\/urun\/rent-a-car-e-ticaret-paketi\/","title":{"rendered":"Rent A Car E-Ticaret Paketi"},"content":{"rendered":"<ul>\n<li><strong>A\u00e7\u0131klama:<\/strong> Ara\u00e7 kiralama sekt\u00f6r\u00fcnde faaliyet g\u00f6steren firmalar i\u00e7in \u00f6zel olarak tasarlanm\u0131\u015f bir e-ticaret \u00e7\u00f6z\u00fcm\u00fc. M\u00fc\u015fterilere online ara\u00e7 rezervasyonu imkan\u0131 sunar.<\/li>\n<li><strong>\u00d6zellikler:<\/strong>\n<ul>\n<li>Kullan\u0131c\u0131 dostu aray\u00fcz<\/li>\n<li>Ara\u00e7 detay sayfalar\u0131 (foto\u011fraflar, a\u00e7\u0131klamalar, fiyatlar)<\/li>\n<li>Online rezervasyon ve \u00f6deme sistemleri<\/li>\n<li>M\u00fc\u015fteri geri bildirimleri ve de\u011ferlendirmeleri<\/li>\n<li>\u0130ndirim ve kampanya y\u00f6netimi<\/li>\n<\/ul>\n<\/li>\n<\/ul>\n","protected":false},"excerpt":{"rendered":"<p>A\u00e7\u0131klama: Ara\u00e7 kiralama sekt\u00f6r\u00fcnde faaliyet g\u00f6steren firmalar i\u00e7in \u00f6zel olarak tasarlanm\u0131\u015f bir e-ticaret \u00e7\u00f6z\u00fcm\u00fc. M\u00fc\u015fterilere online ara\u00e7 rezervasyonu imkan\u0131 sunar.<\/p>\n","protected":false},"featured_media":10529,"template":"","meta":[],"product_brand":[91],"product_cat":[38,23],"product_tag":[94,95,93,92],"class_list":{"0":"post-10252","1":"product","2":"type-product","3":"status-publish","4":"has-post-thumbnail","6":"product_brand-prusaweb","7":"product_cat-e-ticaret-web","8":"product_cat-web-tasarim","9":"product_tag-arac-kiralama-sitesi","10":"product_tag-arac-kiralama-web-sitesi","11":"product_tag-e-ticaret-sitesi","12":"product_tag-rent-a-car","14":"first","15":"instock","16":"sold-individually","17":"taxable","18":"shipping-taxable","19":"purchasable","20":"product-type-simple"},"_links":{"self":[{"href":"https:\/\/prusaweb.net\/index.php\/wp-json\/wp\/v2\/product\/10252","targetHints":{"allow":["GET"]}}],"collection":[{"href":"https:\/\/prusaweb.net\/index.php\/wp-json\/wp\/v2\/product"}],"about":[{"href":"https:\/\/prusaweb.net\/index.php\/wp-json\/wp\/v2\/types\/product"}],"version-history":[{"count":3,"href":"https:\/\/prusaweb.net\/index.php\/wp-json\/wp\/v2\/product\/10252\/revisions"}],"predecessor-version":[{"id":10255,"href":"https:\/\/prusaweb.net\/index.php\/wp-json\/wp\/v2\/product\/10252\/revisions\/10255"}],"wp:featuredmedia":[{"embeddable":true,"href":"https:\/\/prusaweb.net\/index.php\/wp-json\/wp\/v2\/media\/10529"}],"wp:attachment":[{"href":"https:\/\/prusaweb.net\/index.php\/wp-json\/wp\/v2\/media?parent=10252"}],"wp:term":[{"taxonomy":"product_brand","embeddable":true,"href":"https:\/\/prusaweb.net\/index.php\/wp-json\/wp\/v2\/product_brand?post=10252"},{"taxonomy":"product_cat","embeddable":true,"href":"https:\/\/prusaweb.net\/index.php\/wp-json\/wp\/v2\/product_cat?post=10252"},{"taxonomy":"product_tag","embeddable":true,"href":"https:\/\/prusaweb.net\/index.php\/wp-json\/wp\/v2\/product_tag?post=10252"}],"curies":[{"name":"wp","href":"https:\/\/api.w.org\/{rel}","templated":true}]}}